o base 15.
-6
What is a (base 13) in base 14?
a
What is -11010 (base 2) in base 12?
-22
334 (base 7) to base 11
147
What is 43 (base 10) in base 13?
34
-1001101 (base 2) to base 16
-4d
What is 170 (base 11) in base 16?
c6
What is 3 (base 14) in base 3?
10
What is -2 (base 3) in base 11?
-2
Convert -171 (base 8) to base 6.
-321
1 (base 9) to base 12
1
What is -112 (base 5) in base 9?
-35
Convert 1 (base 9) to base 8.
1
What is 6 (base 13) in base 15?
6
Convert 3 (base 16) to base 15.
3
What is 57 (base 16) in base 7?
153
What is 2 (base 15) in base 13?
2
What is 14d (base 15) in base 5?
2143
Convert -48 (base 15) to base 13.
-53
What is -11220 (base 3) in base 13?
-a2
What is 90 (base 15) in base 16?
87
Convert 1 (base 12) to base 15.
1
Convert -13 (base 13) to base 14.
-12
Convert 12 (base 3) to base 7.
5
What is 2 (base 15) in base 10?
2
Convert -16 (base 10) to base 13.
-13
-203 (base 11) to base 14
-137
What is 44 (base 7) in base 11?
2a
-12 (base 5) to base 12
-7
Convert -4 (base 10) to base 7.
-4
-a2 (base 15) to base 13
-b9
Convert -4 (base 10) to base 11.
-4
What is -39 (base 11) in base 8?
-52
What is 1001010 (base 2) in base 13?
59
What is 73 (base 8) in base 13?
47
Convert b (base 12) to base 4.
23
-100101 (base 2) to base 16
-25
-34 (base 11) to base 15
-27
What is -24 (base 7) in base 12?
-16
Convert 0 (base 9) to base 15.
0
What is -2 (base 3) in base 4?
-2
Convert 110 (base 5) to base 16.
1e
8 (base 9) to base 13
8
Convert -1002 (base 3) to base 10.
-29
Convert 0 (base 9) to base 3.
0
-2110 (base 3) to base 16
-42
What is -2 (base 8) in base 15?
-2
Convert -3 (base 8) to base 15.
-3
What is -7 (base 12) in base 4?
-13
Convert 1 (base 16) to base 12.
1
Convert 333 (base 4) to base 7.
120
Convert -11 (base 12) to base 2.
-1101
-10212 (base 3) to base 14
-76
4 (base 14) to base 4
10
-45 (base 6) to base 3
-1002
What is 1010 (base 2) in base 7?
13
What is -101100 (base 2) in base 4?
-230
-1 (base 16) to base 8
-1
-67 (base 13) to base 14
-61
What is -3 (base 16) in base 2?
-11
Convert -1 (base 2) to base 13.
-1
30 (base 10) to base 16
1e
Convert -1a (base 13) to base 10.
-23
-180 (base 9) to base 7
-306
What is -2 (base 12) in base 6?
-2
112 (base 13) to base 7
352
What is 111111 (base 2) in base 11?
58
Convert -250 (base 10) to base 12.
-18a
Convert 1101 (base 2) to base 6.
21
-12 (base 5) to base 15
-7
d (base 14) to base 3
111
What is c (base 15) in base 8?
14
7 (base 16) to base 15
7
Convert -28 (base 9) to base 3.
-222
What is 33 (base 4) in base 16?
f
Convert -1 (base 15) to base 10.
-1
Convert -5 (base 11) to base 8.
-5
c0 (base 13) to base 11
132
110001 (base 2) to base 14
37
What is -1001001 (base 2) in base 10?
-73
Convert 242 (base 6) to base 5.
343
Convert -33 (base 4) to base 6.
-23
-6 (base 8) to base 4
-12
-3 (base 13) to base 15
-3
What is -92 (base 14) in base 12?
-a8
Convert -11 (base 6) to base 5.
-12
2 (base 8) to base 9
2
What is -12 (base 6) in base 3?
-22
12 (base 15) to base 10
17
What is 0 (base 2) in base 16?
0
What is 4 (base 10) in base 6?
4
Convert 51 (base 14) to base 7.
131
What is -1111 (base 2) in base 14?
-11
Convert 1a5 (base 14) to base 13.
203
Convert 15 (base 15) to base 11.
19
14c (base 16) to base 11
282
What is -17 (base 9) in base 16?
-10
What is 11 (base 9) in base 14?
a
What is 2 (base 10) in base 2?
10
Convert 55 (base 10) to base 13.
43
What is -20 (base 9) in base 16?
-12
Convert 2011 (base 3) to base 8.
72
Convert -10022 (base 3) to base 5.
-324
218 (base 11) to base 2
100000101
What is -1 (base 14) in base 11?
-1
What is 1c2 (base 13) in base 2?
101000111
Convert -1 (base 3) to base 15.
-1
What is -1 (base 4) in base 6?
-1
What is 520 (base 8) in base 4?
11100
What is 10100111 (base 2) in base 9?
205
What is 101 (base 2) in base 5?
10
7 (base 10) to base 6
11
48 (base 13) to base 7
114
Convert -3 (base 6) to base 12.
-3
Convert 1 (base 15) to base 9.
1
What is -2 (base 8) in base 5?
-2
Convert 11 (base 12) to base 16.
d
124 (base 13) to base 12
147
What is -110200 (base 3) in base 4?
-11112
What is 66 (base 13) in base 7?
150
0 (base 2) to base 4
0
What is -10 (base 2) in base 8?
-2
14 (base 14) to base 6
30
-215 (base 7) to base 12
-92
What is 3 (base 9) in base 14?
3
1c (base 16) to base 3
1001
Convert -7 (base 14) to base 10.
-7
48 (base 16) to base 12
60
What is 410 (base 9) in base 16?
14d
Convert 10 (base 2) to base 6.
2
Convert -115 (base 7) to base 12.
-51
What is -146 (base 10) in base 14?
-a6
-32 (base 13) to base 15
-2b
What is -1101 (base 4) in base 16?
-51
-214 (base 5) to base 15
-3e
What is -1 (base 3) in base 2?
-1
Convert 1 (base 14) to base 7.
1
Convert 521 (base 6) to base 10.
193
Convert 101101 (base 2) to base 3.
1200
What is -e (base 15) in base 2?
-1110
-1110 (base 3) to base 14
-2b
Convert 4 (base 10) to base 13.
4
What is -2 (base 10) in base 16?
-2
-11 (base 8) to base 3
-100
2c (base 13) to base 4
212
What is -144 (base 9) in base 10?
-121
Convert 1 (base 14) to base 7.
1
Convert 64 (base 7) to base 9.
51
32 (base 4) to base 2
1110
What is -f (base 16) in base 9?
-16
-26 (base 13) to base 5
-112
Convert 157 (base 10) to base 5.
1112
-145 (base 6) to base 4
-1001
What is 10001000 (base 2) in base 12?
b4
What is -11 (base 2) in base 12?
-3
2 (base 11) to base 14
2
Convert 110 (base 14) to base 6.
550
What is 236 (base 8) in base 9?
185
Convert -6 (base 7) to base 11.
-6
-2 (base 14) to base 15
-2
What is -4 (base 5) in base 6?
-4
Convert 5 (base 13) to base 15.
5
What is -2 (base 7) in base 14?
-2
Convert -10011100 (base 2) to base 5.
-1111
What is 6d (base 15) in base 14?
75
Convert 14 (base 16) to base 15.
15
What is 7 (base 13) in base 10?
7
-22 (base 7) to base 11
-15
302 (base 6) to base 3
11002
Convert 3 (base 13) to base 9.
3
What is -51 (base 7) in base 14?
-28
-1 (base 9) to base 13
-1
Convert 2 (base 10) to base 6.
2
What is -11110 (base 2) in base 16?
-1e
Convert 1000 (base 2) to base 5.
13
Convert -11 (base 13) to base 3.
-112
128 (base 12) to base 13
107
-122 (base 7) to base 16
-41
What is 110110 (base 2) in base 4?
312
-12 (base 8) to base 5
-20
What is 3 (base 16) in base 12?
3
32 (base 9) to base 16
1d
What is 200 (base 4) in base 8?
40
Convert -3 (base 5) to base 10.
-3
Convert -83 (base 14) to base 2.
-1110011
2122 (base 3) to base 7
131
Convert 6 (base 12) to base 4.
12
What is 33 (base 6) in base 14?
17
What is 4 (base 12) in base 4?
10
What is 0 (base 8) in base 4?
0
Convert 50 (base 11) to base 2.
110111
Convert 42 (base 11) to base 8.
56
What is 4 (base 5) in base 6?
4
What is 11100100 (base 2) in base 5?
1403
What is 111 (base 3) in base 4?
31
What is 64 (base 15) in base 3?
10111
Convert 134 (base 7) to base 9.
82
1c (base 15) to base 13
21
What is -45 (base 15) in base 9?
-72
12 (base 8) to base 12
a
What is 1 (base 5) in base 16?
1
4 (base 11) to base 3
11
-12 (base 3) to base 6
-5
What is -4 (base 14) in base 7?
-4
What is 1010000 (base 2) in base 6?
212
Convert -153 (base 7) to base 2.
-1010111
-7 (base 14) to base 7
-10
5 (base 6) to base 4
11
0 (base 15) to base 10
0
-7 (base 16) to base 2
-111
What is -36 (base 13) in base 10?
-45
31 (base 8) to base 16
19
Convert -134 (base 16) to base 14.
-180
Convert -8 (base 16) to base 7.
-11
Convert -23 (base 5) to base 10.
-13
2 (base 15) to base 6
2
Convert 1 (base 8) to base 14.
1
What is 111 (base 14) in base 5?
1321
What is -bc (base 13) in base 11?
-131
What is 4 (base 5) in base 10?
4
What is 11 (base 13) in base 3?
112
What is 3 (base 4) in base 8?
3
-18 (base 14) to base 6
-34
What is 2 (base 10) in base 8?
2
Convert -14 (base 14) to base 6.
-30
-50 (base 8) to base 16
-28
Convert -101 (base 2) to base 7.
-5
What is -4 (base 5) in base 3?
-11
What is -13 (base 16) in base 9?
-21
Convert -17 (base 12) to base 16.
-13
What is -503 (base 6) in base 13?
-111
What is 1 (base 3) in base 14?
1
Convert -5 (base 12) to base 14.
-5
What is -111 (base 2) in base 7?
-10
Convert 221 (base 4) to base 9.
45
What is -27 (base 15) in base 2?
-100101
What is 27 (base 10) in base 5?
102
-40 (base 14) to base 7
-110
What is -57 (base 8) in base 12?
-3b
Convert -14 (base 7) to base 15.
-b
4 (base 14) to base 13
4
10 (base 3) to base 2
11
What is -56 (base 10) in base 13?
-44
-30 (base 10) to base